79 - -1868. Is y composite?
True
Suppose 37399 = 2*h + h - 5*m, 3*m = 12. Is h a composite number?
False
Suppose -l + 5*u + 44315 = 4*l, 3*l - 4*u - 26584 = 0. Suppose -52*b + l = -56*b. Is (b/(1 + -4))/1 a prime number?
True
Suppose 0 = -c + 9*c, -2*c + 192265 = 5*g. Is g a prime number?
True
Let b be 18/(-3)*13/3. Let y = b - -27. Is (y*-119)/(10 - 11) a prime number?
False
Let y(f) be the second derivative of 4*f**3 - 3*f**2/2 + 11*f. Let k(x) = -2*x - 3. Let i be k(-3). Is y(i) a composite number?
True
Let w(k) = -k**3 + 9*k**2 + 5*k - 2. Let d be 2/(6/9) + 6. Is w(d) composite?
False
Let b = 785 - 516. Let g = 1180 - b. Is g prime?
True
Suppose 49388 = 10*l - 246642. Is l a composite number?
True
Suppose -h - 4*w - 2 = 4*h, -4*h + 4*w = 16. Let a(b) = -144*b. Let d be a(h). Is (-2)/(-5) + d/5 a prime number?
False
Let y(a) = 323*a**2 + 61*a + 19. Is y(-6) a composite number?
True
Suppose -6*u - 19725 = -11*u. Let f = -1226 + u. Is f a composite number?
False
Let p = 6735 + -362. Is p composite?
False
Let m be -18 + (-3)/(-7) + 741/133. Suppose -l = -5*d + 367, l - 1743 = 6*l - 2*d. Is 8/m - l/3 prime?
False
Suppose 22843 - 6625 = 3*o. Is o/8 + -3 + (-3)/(-12) a prime number?
True
Let x be 30/(3 + 6/(-4)). Is (5/(x/8536))/2 a prime number?
False
Suppose -15*d + 9257 = -37378. Is d composite?
False
Let x(u) be the third derivative of u**6/120 + u**5/10 - 7*u**4/24 - 5*u**3/3 - 8*u**2. Let z be x(-7). Is 0 - -79*z/(-2) prime?
False
Let n be (-2)/(-6)*(1 + -1). Suppose -3*y + a + 1 = n, -y + 5 = -a - 4*a. Suppose y = -4*k + k + 1689. Is k a composite number?
False
Suppose -5*p = -3*p + 254. Let g = p + 1268. Is g a composite number?
True
Let u be (-1)/(1*(2 + -1)). Let v = 3 + u. Is -4*(-1 + (-5)/v) composite?
True
Let r(t) = -479*t - 128. Is r(-9) composite?
True
Let d(b) = -b**3 + 17*b**2 - 40*b - 47. Let l be d(21). Let h = l + 4269. Is h composite?
True
Suppose 4*h = l - 13849, -3*l + 9*h + 41492 = 8*h. Is l composite?
False
Let j = 627 + -320. Is j prime?
True
Suppose -5*k - 4*i + 6471 = 0, 5*k + 3*i - 2*i - 6459 = 0. Is k composite?
False
Let l = 61 - 58. Is (-1)/(l/(-1917)) - -2 a composite number?
False
Let c = 53 + -65. Is -1*(c/4 - 124) prime?
True
Suppose 33 = 4*u - 3*c, -3*u + 28 = -3*c + 7. Is ((-4)/u)/(3/(-1089)) a prime number?
False
Let z(t) = -57*t**3 - 26*t - 8. Is z(-5) prime?
True
Let s = -1 - 19. Let h = 23 + s. Suppose 0 = h*a - c - 382, -c = -2*c - 1. Is a composite?
False
Suppose -f = 5*f - 24. Suppose f*y - y = 0. Suppose y = 5*l + 2*l - 1022. Is l prime?
False
Let i(r) = 4*r**2 + 3*r - 9 + 2 + 8*r**2. Is i(-12) prime?
False
Let q = 5639 - 2918. Is q a prime number?
False
Suppose 2*w - 73196 = -4*t, -2*w = -6*w. Is t a prime number?
False
Let i = 18421 + -9812. Is i prime?
True
Is ((-102713)/26)/((-3)/6) composite?
False
Suppose -6*g - 17862 = -6390. Let z = g + 2755. Is z prime?
False
Let u = -13 - -15. Suppose 612 = -u*y + 3*j, y + 1224 = -3*y - 2*j. Is ((-2)/(-1))/(-2) - y prime?
False
Suppose -4*s + 8141 + 619 = 4*b, 2*b + s - 4384 = 0. Is b a prime number?
False
Let b(f) be the first derivative of -15*f**4 - f**3/3 + f**2/2 + f - 1. Let y(d) = -d**3 + 11*d**2 - 7*d - 31. Let w be y(10). Is b(w) composite?
False
Let u(q) = -3*q**3 - 4*q**2 + 5*q + 3. Let w be ((-3)/6 - 14/4)/1. Is u(w) a prime number?
False
Let n(o) = 12*o**2 + 2*o - 15. Is n(10) a prime number?
False
Let b(a) = -a**2 - 19*a + 42. Let h be b(-21). Suppose -5*i = -5*l + 10760, -3*l + i + 5029 + 1433 = h. Is l prime?
False
Suppose 82383 = -3*w - 5*g + 284561, -5*w + 3*g + 336952 = 0. Is w prime?
True
Let g = -25 + 30. Suppose g*o = -35 + 190. Is o a composite number?
False
Let u(a) = -a**2 - 4*a + 6046. Is u(0) prime?
False
Let b(g) = -223*g**3 - 5*g**2 - 6*g - 1. Is b(-4) prime?
False
Let x = 538 - -1113. Is x a composite number?
True
Let s = 548 - -299. Suppose -2*z - 332 = -y + 489, -4*z = 3*y + 1657. Let j = s - z. Is j composite?
False
Let d(a) = 0*a**2 + 1 - a**2 + 12 + a. Let s be d(0). Suppose -s = -c - 3. Is c prime?
False
Suppose 13*n = 9*n + 7176. Suppose -k = -n + 241. Is k a prime number?
True
Let x = 17517 - -332. Is x composite?
True
Suppose -8*l - 13*l + 54411 = 0. Is l prime?
True
Let a(x) = 79 - 82 + 0*x + 270*x**2 + 5*x. Is a(2) a composite number?
False
Let k(q) = -q**2 - 14*q - 20. Let i be k(-12). Suppose -3*o - 43 = -4*z, 3*o + 34 = -z - i. Let v(c) = -7*c + 6. Is v(o) a composite number?
False
Let x(k) = -12*k**3 + 2*k**2 + 1. Let z be x(-3). Let b be (z - 1) + 12/4. Let f = b + -184. Is f prime?
False
Let a = 107071 + -76160. Is a a composite number?
False
Let j be 29 + -1 - (0 - 2). Let x = -30 + j. Suppose 6*r - 3*k - 705 = 2*r, 5*r + k - 886 = x. Is r a prime number?
False
Let i be 3*-6*(-5)/10. Let g be -2 + 3*3/i. Is (0 + g + 2)*521 composite?
False
Let z(k) = -k**3 + 8*k**2 - 9. Let c be z(8). Let f = -17 - c. Let a = 34 + f. Is a a composite number?
True
Let p be -21 + -5 + (-2)/(-2). Let h be ((-9)/(-5))/((-15)/p). Suppose h*q - 20 = 253. Is q a prime number?
False
Suppose 13*a + 34221 = 300656. Is a prime?
False
Suppose 9*f - 28 = 5*f. Suppose -5 = f*r - 12*r. Let u(b) = 258*b**3 + 2*b - 1. Is u(r) a prime number?
False
Let q be -32 + (-5 - (-16)/4). Is (-8)/(-2) + 275/(-5)*q a composite number?
True
Let a(i) = i**3 - 9*i**2 - 4*i + 19. Let g be a(9). Let c = g + 20. Suppose k - c*p - 58 = 0, 0*k = -5*k + p + 276. Is k a prime number?
False
Suppose -8 - 2 = -5*p. Suppose f + 4*y - 9*y - 71 = 0, 187 = p*f + 5*y. Is f a prime number?
False
Let o be 40/2*(-314)/(-5). Let c = 923 + o. Is c a prime number?
True
Let u(l) = 6373*l + 419. Is u(8) prime?
False
Is (-22 - -26)/((-4)/(-457)) - 3 a composite number?
True
Let h = 16631 + -3802. Is h prime?
True
Let i(g) = -49*g + 29. Let u be i(-5). Let p = u + -180. Is p composite?
True
Let v be -7 + 8/2 + (-3)/(-1). Is (v + -3027)*(-9)/27 a composite number?
False
Suppose 36*g - 126051 = 81237. Is g a prime number?
False
Suppose 4*d + 24030 = 2*i, -2*i - 5*d = -6*d - 24033. Is i prime?
False
Let j(w) = 1744*w**2 + 29*w - 1. Is j(4) composite?
False
Let b = -166 - -357. Let w = b + 102. Is w prime?
True
Let d(i) = i**2 - 4*i + 1119. Is d(0) prime?
False
Suppose 6*r - 2850 = 7674. Is r composite?
True
Let q(s) = -s**2 - 12*s + 1. Let b be (4/(-6))/((-4)/6). Suppose 5*t - b + 31 = 0. Is q(t) composite?
False
Let y(d) be the second derivative of -41*d**3 + 23*d**2/2 - 19*d. Is y(-8) prime?
False
Let s = -1384 - -2825. Is s a prime number?
False
Suppose -60*n + 61*n = 393. Suppose 3*w - n = y, 262 = -w + 3*w + 4*y. Is w a composite number?
False
Let b = 15201 + -8606. Is b a composite number?
True
Suppose v = -2*y + 117307 + 25647, -2*v + 357387 = 5*y. Is y a prime number?
True
Suppose 3*p + 1 = 2*k - 0*p, -p = -5*k + 22. Suppose 0 = -r + k*r. Suppose 5*g + 3*v - 398 = r, 0*g - 74 = -g + 5*v. Is g prime?
True
Suppose 0 = 3*o + 2*f + 2, -3*o = 2*o - f - 14. Let i(p) = -p**2 - 1. Let t(c) = -71*c**2 + c + 7. Let n(k) = -4*i(k) - t(k). Is n(o) prime?
False
Let f(t) = 510*t - 4. Let x be f(5). Suppose 52*p - 54*p = -x. Is p prime?
False
Let l(i) = -5*i**3 - 7*i**2 + 2*i - 1. Let r be (7 - 2)/(7 + -8). Let x be l(r). Suppose -4*y = -o - x, 7*o = 2*y + 3*o - 230. Is y a prime number?
True
Let f = 1478 + -794. Suppose 3*r = 2*o - 730 - f, 0 = -3*o - 4*r + 2121. Is o composite?
True
Is (-14)/(-35) + (-553065)/(-25) composite?
False
Let u(t) = -t**3 - 3*t**2 - 13*t + 1. Suppose -5*d = 5*z + 25, -2*d - 37 + 15 = 4*z. Is u(z) composite?
True
Suppose 3*q - 717 = 4*j, 3*q - 744 = -0*q - 5*j. Let o be 544/102 + (-1 - 1/3). Suppose a - o*d = q, 0*d + 2*d - 536 = -2*a. Is a prime?
True
Suppose 60*o - 55*o = 26905. Is o composite?
False
Suppose 12 = a + 3*a. Suppose a*s - f - 15 = 0, -5 = s + 5*f + 6. Is 1/4 + 59/s a composite number?
True
Suppose 2*m - m + y + 3 = 0, -2*m = -4*y. Is m/4 + 11155/10 a composite number?
True
Let m(i) = 72*i**2 - i - 8. Let q(g) = 72*g**2 - g - 7. Let j(l) = -2*m(l) + 3*q(l). Is j(-4) prime?
True
Suppose 0 = -5*u + 6*u. Suppose u = -i - 3*i + 8. Suppose i*n + 385 = 7*n. Is n a composite number?
True
Let c = 1690 + 3001. Is c a prime number?
True
Let m(q) = q**3 - 19*q**2 + 19*q - 18. Let a be m(18). Suppose 4*v + 112 = -a*v. Let r = 97 + v. Is r composite?
True
Le